{"id":1731,"date":"2026-04-20T17:24:57","date_gmt":"2026-04-20T17:24:57","guid":{"rendered":"https:\/\/livia.azdigi.shop\/?post_type=product&#038;p=1731"},"modified":"2026-04-20T17:24:58","modified_gmt":"2026-04-20T17:24:58","slug":"ao-blazer-dang-om-2-tui-op","status":"publish","type":"product","link":"https:\/\/livia.azdigi.shop\/?product=ao-blazer-dang-om-2-tui-op","title":{"rendered":"\u00c1o Blazer d\u00e1ng \u00f4m 2 t\u00fai \u1ed1p"},"content":{"rendered":"<p data-path-to-node=\"9,0\">M\u1ed9t chi\u1ebfc <b data-path-to-node=\"9,0\" data-index-in-node=\"10\">\u00e1o Blazer d\u00e1ng \u00f4m<\/b> lu\u00f4n l\u00e0 m\u00f3n \u0111\u1ed3 kh\u00f4ng th\u1ec3 thi\u1ebfu trong t\u1ee7 \u0111\u1ed3 c\u1ee7a nh\u1eefng qu\u00fd c\u00f4 hi\u1ec7n \u0111\u1ea1i. Thi\u1ebft k\u1ebf n\u00e0y mang \u0111\u1ebfn s\u1ef1 c\u00e2n b\u1eb1ng ho\u00e0n h\u1ea3o gi\u1eefa n\u00e9t tr\u1ebb trung v\u00e0 phong th\u00e1i chuy\u00ean nghi\u1ec7p. <b data-path-to-node=\"9,0\" data-index-in-node=\"189\">Ch\u00ednh v\u00ec th\u1ebf<\/b>, \u0111\u00e2y l\u00e0 l\u1ef1a ch\u1ecdn h\u00e0ng \u0111\u1ea7u cho nh\u1eefng bu\u1ed5i h\u1ecdp quan tr\u1ecdng hay c\u00e1c cu\u1ed9c h\u1eb9n caf\u00e9 cu\u1ed1i tu\u1ea7n.<\/p>\n<h3 data-path-to-node=\"9,1\">Thi\u1ebft k\u1ebf t\u00f4n d\u00e1ng c\u1ef1c chu\u1ea9n<\/h3>\n<p data-path-to-node=\"9,2\">M\u1eabu <b data-path-to-node=\"9,2\" data-index-in-node=\"4\">\u00e1o Blazer d\u00e1ng \u00f4m<\/b> n\u1ed5i b\u1eadt v\u1edbi phom d\u00e1ng \u00f4m nh\u1eb9, gi\u00fap t\u00f4n l\u00ean \u0111\u01b0\u1eddng n\u00e9t thanh tho\u00e1t c\u1ee7a c\u01a1 th\u1ec3. \u0110i\u1ec3m nh\u1ea5n \u0111\u1eb7c bi\u1ec7t c\u1ee7a \u00e1o l\u00e0 hai t\u00fai \u1ed1p ph\u00eda tr\u01b0\u1edbc v\u1eeba ti\u1ec7n l\u1ee3i v\u1eeba n\u0103ng \u0111\u1ed9ng. <b data-path-to-node=\"9,2\" data-index-in-node=\"178\">Th\u00eam v\u00e0o \u0111\u00f3<\/b>, h\u00e0ng c\u00fac tinh t\u1ebf \u0111\u01b0\u1ee3c s\u1eafp x\u1ebfp kh\u00e9o l\u00e9o \u0111\u1ec3 t\u1ea1o hi\u1ec7u \u1ee9ng v\u00f2ng eo thon g\u1ecdn<\/p>\n<h3 data-path-to-node=\"9,3\">Ch\u1ea5t li\u1ec7u v\u00e0 ph\u1ed1i \u0111\u1ed3<\/h3>\n<p data-path-to-node=\"9,4\">Thi\u1ebft k\u1ebf s\u1eed d\u1ee5ng ch\u1ea5t li\u1ec7u v\u1ea3i cao c\u1ea5p v\u1edbi kh\u1ea3 n\u0103ng gi\u1eef phom c\u1ef1c t\u1ed1t. <b data-path-to-node=\"9,4\" data-index-in-node=\"70\">Nh\u1edd v\u1eady<\/b>, chi\u1ebfc <b data-path-to-node=\"9,4\" data-index-in-node=\"85\">\u00e1o Blazer d\u00e1ng \u00f4m<\/b> lu\u00f4n b\u1ec1n \u0111\u1eb9p su\u1ed1t c\u1ea3 ng\u00e0y d\u00e0i. N\u00e0ng c\u00f3 th\u1ec3 k\u1ebft h\u1ee3p \u00e1o c\u00f9ng ch\u00e2n v\u00e1y x\u1ebfp ly \u0111\u1ec3 t\u1ea1o th\u00e0nh m\u1ed9t set \u0111\u1ed3 tr\u1ebb trung. <b data-path-to-node=\"9,4\" data-index-in-node=\"213\">Ngo\u00e0i ra<\/b>, ph\u1ed1i c\u00f9ng m\u1ed9t chi\u1ebfc t\u00fai nh\u1ecf s\u1ebd gi\u00fap outfit th\u00eam ph\u1ea7n ho\u00e0n h\u1ea3o.<\/p>\n<hr data-path-to-node=\"9,5\" \/>\n<p data-path-to-node=\"9,6\"><i data-path-to-node=\"9,6\" data-index-in-node=\"0\">Xem th\u00eam c\u00e1c s\u1ea3n ph\u1ea9m t\u1ea1i <a class=\"ng-star-inserted\" href=\"https:\/\/facebook.com\" target=\"_blank\" rel=\"noopener\" data-hveid=\"0\" data-ved=\"0CAAQ_4QMahgKEwibn6nO7vyTAxUAAAAAHQAAAAAQ4gE\">Fanpage LIVIA Store<\/a>.<\/i><\/p>\n","protected":false},"excerpt":{"rendered":"<p>M\u1ed9t chi\u1ebfc \u00e1o Blazer d\u00e1ng \u00f4m lu\u00f4n l\u00e0 m\u00f3n \u0111\u1ed3 kh\u00f4ng th\u1ec3 thi\u1ebfu trong t\u1ee7 \u0111\u1ed3 c\u1ee7a nh\u1eefng qu\u00fd c\u00f4 hi\u1ec7n \u0111\u1ea1i. Thi\u1ebft k\u1ebf n\u00e0y mang \u0111\u1ebfn s\u1ef1 c\u00e2n b\u1eb1ng ho\u00e0n h\u1ea3o gi\u1eefa n\u00e9t tr\u1ebb trung v\u00e0 phong th\u00e1i chuy\u00ean nghi\u1ec7p. Ch\u00ednh v\u00ec th\u1ebf, \u0111\u00e2y l\u00e0 l\u1ef1a ch\u1ecdn h\u00e0ng \u0111\u1ea7u cho nh\u1eefng bu\u1ed5i h\u1ecdp quan [&#8230;]\n","protected":false},"featured_media":1732,"comment_status":"open","ping_status":"closed","template":"","meta":[],"product_brand":[],"product_cat":[22],"product_tag":[],"class_list":{"0":"post-1731","1":"product","2":"type-product","3":"status-publish","4":"has-post-thumbnail","6":"product_cat-ao-khoac","8":"first","9":"instock","10":"sale","11":"shipping-taxable","12":"purchasable","13":"product-type-variable"},"yoast_head":"<!-- This site is optimized with the Yoast SEO plugin v27.1.1 - https:\/\/yoast.com\/product\/yoast-seo-wordpress\/ -->\n<title>\u00c1o Blazer d\u00e1ng \u00f4m 2 t\u00fai \u1ed1p - LIVIA store \u00c1o Blazer D\u00e1ng \u00d4m 2 T\u00fai \u1ed0p<\/title>\n<meta name=\"description\" content=\"M\u1eabu \u00e1o Blazer d\u00e1ng \u00f4m v\u1edbi thi\u1ebft k\u1ebf 2 t\u00fai \u1ed1p tr\u1ebb trung. Ch\u1ea5t li\u1ec7u cao c\u1ea5p, t\u00f4n d\u00e1ng c\u1ef1c chu\u1ea9n cho n\u00e0ng di\u1ec7n \u0111i l\u00e0m hay d\u1ea1o ph\u1ed1. Mua ngay t\u1ea1i LIVIA Store!\" \/>\n<meta name=\"robots\" content=\"index, follow, max-snippet:-1, max-image-preview:large, max-video-preview:-1\" \/>\n<link rel=\"canonical\" href=\"https:\/\/livia.azdigi.shop\/?product=ao-blazer-dang-om-2-tui-op\" \/>\n<meta property=\"og:locale\" content=\"en_US\" \/>\n<meta property=\"og:type\" content=\"article\" \/>\n<meta property=\"og:title\" content=\"\u00c1o Blazer d\u00e1ng \u00f4m 2 t\u00fai \u1ed1p - LIVIA store \u00c1o Blazer D\u00e1ng \u00d4m 2 T\u00fai \u1ed0p\" \/>\n<meta property=\"og:description\" content=\"M\u1eabu \u00e1o Blazer d\u00e1ng \u00f4m v\u1edbi thi\u1ebft k\u1ebf 2 t\u00fai \u1ed1p tr\u1ebb trung. Ch\u1ea5t li\u1ec7u cao c\u1ea5p, t\u00f4n d\u00e1ng c\u1ef1c chu\u1ea9n cho n\u00e0ng di\u1ec7n \u0111i l\u00e0m hay d\u1ea1o ph\u1ed1. Mua ngay t\u1ea1i LIVIA Store!\" \/>\n<meta property=\"og:url\" content=\"https:\/\/livia.azdigi.shop\/?product=ao-blazer-dang-om-2-tui-op\" \/>\n<meta property=\"og:site_name\" content=\"LIVIA store\" \/>\n<meta property=\"article:modified_time\" content=\"2026-04-20T17:24:58+00:00\" \/>\n<meta property=\"og:image\" content=\"https:\/\/livia.azdigi.shop\/wp-content\/uploads\/2026\/04\/20240302_8vWkFm2mlx.jpeg\" \/>\n\t<meta property=\"og:image:width\" content=\"1293\" \/>\n\t<meta property=\"og:image:height\" content=\"1945\" \/>\n\t<meta property=\"og:image:type\" content=\"image\/jpeg\" \/>\n<meta name=\"twitter:card\" content=\"summary_large_image\" \/>\n<meta name=\"twitter:label1\" content=\"Est. reading time\" \/>\n\t<meta name=\"twitter:data1\" content=\"2 minutes\" \/>\n<script type=\"application\/ld+json\" class=\"yoast-schema-graph\">{\"@context\":\"https:\/\/schema.org\",\"@graph\":[{\"@type\":\"WebPage\",\"@id\":\"https:\/\/livia.azdigi.shop\/?product=ao-blazer-dang-om-2-tui-op\",\"url\":\"https:\/\/livia.azdigi.shop\/?product=ao-blazer-dang-om-2-tui-op\",\"name\":\"\u00c1o Blazer d\u00e1ng \u00f4m 2 t\u00fai \u1ed1p - LIVIA store \u00c1o Blazer D\u00e1ng \u00d4m 2 T\u00fai \u1ed0p\",\"isPartOf\":{\"@id\":\"https:\/\/livia.azdigi.shop\/#website\"},\"primaryImageOfPage\":{\"@id\":\"https:\/\/livia.azdigi.shop\/?product=ao-blazer-dang-om-2-tui-op#primaryimage\"},\"image\":{\"@id\":\"https:\/\/livia.azdigi.shop\/?product=ao-blazer-dang-om-2-tui-op#primaryimage\"},\"thumbnailUrl\":\"https:\/\/livia.azdigi.shop\/wp-content\/uploads\/2026\/04\/20240302_8vWkFm2mlx.jpeg\",\"datePublished\":\"2026-04-20T17:24:57+00:00\",\"dateModified\":\"2026-04-20T17:24:58+00:00\",\"description\":\"M\u1eabu \u00e1o Blazer d\u00e1ng \u00f4m v\u1edbi thi\u1ebft k\u1ebf 2 t\u00fai \u1ed1p tr\u1ebb trung. Ch\u1ea5t li\u1ec7u cao c\u1ea5p, t\u00f4n d\u00e1ng c\u1ef1c chu\u1ea9n cho n\u00e0ng di\u1ec7n \u0111i l\u00e0m hay d\u1ea1o ph\u1ed1. Mua ngay t\u1ea1i LIVIA Store!\",\"breadcrumb\":{\"@id\":\"https:\/\/livia.azdigi.shop\/?product=ao-blazer-dang-om-2-tui-op#breadcrumb\"},\"inLanguage\":\"en-US\",\"potentialAction\":[{\"@type\":\"ReadAction\",\"target\":[\"https:\/\/livia.azdigi.shop\/?product=ao-blazer-dang-om-2-tui-op\"]}]},{\"@type\":\"ImageObject\",\"inLanguage\":\"en-US\",\"@id\":\"https:\/\/livia.azdigi.shop\/?product=ao-blazer-dang-om-2-tui-op#primaryimage\",\"url\":\"https:\/\/livia.azdigi.shop\/wp-content\/uploads\/2026\/04\/20240302_8vWkFm2mlx.jpeg\",\"contentUrl\":\"https:\/\/livia.azdigi.shop\/wp-content\/uploads\/2026\/04\/20240302_8vWkFm2mlx.jpeg\",\"width\":1293,\"height\":1945},{\"@type\":\"BreadcrumbList\",\"@id\":\"https:\/\/livia.azdigi.shop\/?product=ao-blazer-dang-om-2-tui-op#breadcrumb\",\"itemListElement\":[{\"@type\":\"ListItem\",\"position\":1,\"name\":\"Home\",\"item\":\"https:\/\/livia.azdigi.shop\/\"},{\"@type\":\"ListItem\",\"position\":2,\"name\":\"Shop\",\"item\":\"https:\/\/livia.azdigi.shop\/?page_id=45\"},{\"@type\":\"ListItem\",\"position\":3,\"name\":\"\u00c1o Blazer d\u00e1ng \u00f4m 2 t\u00fai \u1ed1p\"}]},{\"@type\":\"WebSite\",\"@id\":\"https:\/\/livia.azdigi.shop\/#website\",\"url\":\"https:\/\/livia.azdigi.shop\/\",\"name\":\"livia\",\"description\":\"\",\"publisher\":{\"@id\":\"https:\/\/livia.azdigi.shop\/#organization\"},\"potentialAction\":[{\"@type\":\"SearchAction\",\"target\":{\"@type\":\"EntryPoint\",\"urlTemplate\":\"https:\/\/livia.azdigi.shop\/?s={search_term_string}\"},\"query-input\":{\"@type\":\"PropertyValueSpecification\",\"valueRequired\":true,\"valueName\":\"search_term_string\"}}],\"inLanguage\":\"en-US\"},{\"@type\":\"Organization\",\"@id\":\"https:\/\/livia.azdigi.shop\/#organization\",\"name\":\"thoitrangnu\",\"url\":\"https:\/\/livia.azdigi.shop\/\",\"logo\":{\"@type\":\"ImageObject\",\"inLanguage\":\"en-US\",\"@id\":\"https:\/\/livia.azdigi.shop\/#\/schema\/logo\/image\/\",\"url\":\"https:\/\/livia.azdigi.shop\/wp-content\/uploads\/2026\/03\/Screenshot-2026-03-05-143026.png\",\"contentUrl\":\"https:\/\/livia.azdigi.shop\/wp-content\/uploads\/2026\/03\/Screenshot-2026-03-05-143026.png\",\"width\":438,\"height\":270,\"caption\":\"thoitrangnu\"},\"image\":{\"@id\":\"https:\/\/livia.azdigi.shop\/#\/schema\/logo\/image\/\"}}]}<\/script>\n<!-- \/ Yoast SEO plugin. -->","yoast_head_json":{"title":"\u00c1o Blazer d\u00e1ng \u00f4m 2 t\u00fai \u1ed1p - LIVIA store \u00c1o Blazer D\u00e1ng \u00d4m 2 T\u00fai \u1ed0p","description":"M\u1eabu \u00e1o Blazer d\u00e1ng \u00f4m v\u1edbi thi\u1ebft k\u1ebf 2 t\u00fai \u1ed1p tr\u1ebb trung. Ch\u1ea5t li\u1ec7u cao c\u1ea5p, t\u00f4n d\u00e1ng c\u1ef1c chu\u1ea9n cho n\u00e0ng di\u1ec7n \u0111i l\u00e0m hay d\u1ea1o ph\u1ed1. Mua ngay t\u1ea1i LIVIA Store!","robots":{"index":"index","follow":"follow","max-snippet":"max-snippet:-1","max-image-preview":"max-image-preview:large","max-video-preview":"max-video-preview:-1"},"canonical":"https:\/\/livia.azdigi.shop\/?product=ao-blazer-dang-om-2-tui-op","og_locale":"en_US","og_type":"article","og_title":"\u00c1o Blazer d\u00e1ng \u00f4m 2 t\u00fai \u1ed1p - LIVIA store \u00c1o Blazer D\u00e1ng \u00d4m 2 T\u00fai \u1ed0p","og_description":"M\u1eabu \u00e1o Blazer d\u00e1ng \u00f4m v\u1edbi thi\u1ebft k\u1ebf 2 t\u00fai \u1ed1p tr\u1ebb trung. Ch\u1ea5t li\u1ec7u cao c\u1ea5p, t\u00f4n d\u00e1ng c\u1ef1c chu\u1ea9n cho n\u00e0ng di\u1ec7n \u0111i l\u00e0m hay d\u1ea1o ph\u1ed1. Mua ngay t\u1ea1i LIVIA Store!","og_url":"https:\/\/livia.azdigi.shop\/?product=ao-blazer-dang-om-2-tui-op","og_site_name":"LIVIA store","article_modified_time":"2026-04-20T17:24:58+00:00","og_image":[{"width":1293,"height":1945,"url":"https:\/\/livia.azdigi.shop\/wp-content\/uploads\/2026\/04\/20240302_8vWkFm2mlx.jpeg","type":"image\/jpeg"}],"twitter_card":"summary_large_image","twitter_misc":{"Est. reading time":"2 minutes"},"schema":{"@context":"https:\/\/schema.org","@graph":[{"@type":"WebPage","@id":"https:\/\/livia.azdigi.shop\/?product=ao-blazer-dang-om-2-tui-op","url":"https:\/\/livia.azdigi.shop\/?product=ao-blazer-dang-om-2-tui-op","name":"\u00c1o Blazer d\u00e1ng \u00f4m 2 t\u00fai \u1ed1p - LIVIA store \u00c1o Blazer D\u00e1ng \u00d4m 2 T\u00fai \u1ed0p","isPartOf":{"@id":"https:\/\/livia.azdigi.shop\/#website"},"primaryImageOfPage":{"@id":"https:\/\/livia.azdigi.shop\/?product=ao-blazer-dang-om-2-tui-op#primaryimage"},"image":{"@id":"https:\/\/livia.azdigi.shop\/?product=ao-blazer-dang-om-2-tui-op#primaryimage"},"thumbnailUrl":"https:\/\/livia.azdigi.shop\/wp-content\/uploads\/2026\/04\/20240302_8vWkFm2mlx.jpeg","datePublished":"2026-04-20T17:24:57+00:00","dateModified":"2026-04-20T17:24:58+00:00","description":"M\u1eabu \u00e1o Blazer d\u00e1ng \u00f4m v\u1edbi thi\u1ebft k\u1ebf 2 t\u00fai \u1ed1p tr\u1ebb trung. Ch\u1ea5t li\u1ec7u cao c\u1ea5p, t\u00f4n d\u00e1ng c\u1ef1c chu\u1ea9n cho n\u00e0ng di\u1ec7n \u0111i l\u00e0m hay d\u1ea1o ph\u1ed1. Mua ngay t\u1ea1i LIVIA Store!","breadcrumb":{"@id":"https:\/\/livia.azdigi.shop\/?product=ao-blazer-dang-om-2-tui-op#breadcrumb"},"inLanguage":"en-US","potentialAction":[{"@type":"ReadAction","target":["https:\/\/livia.azdigi.shop\/?product=ao-blazer-dang-om-2-tui-op"]}]},{"@type":"ImageObject","inLanguage":"en-US","@id":"https:\/\/livia.azdigi.shop\/?product=ao-blazer-dang-om-2-tui-op#primaryimage","url":"https:\/\/livia.azdigi.shop\/wp-content\/uploads\/2026\/04\/20240302_8vWkFm2mlx.jpeg","contentUrl":"https:\/\/livia.azdigi.shop\/wp-content\/uploads\/2026\/04\/20240302_8vWkFm2mlx.jpeg","width":1293,"height":1945},{"@type":"BreadcrumbList","@id":"https:\/\/livia.azdigi.shop\/?product=ao-blazer-dang-om-2-tui-op#breadcrumb","itemListElement":[{"@type":"ListItem","position":1,"name":"Home","item":"https:\/\/livia.azdigi.shop\/"},{"@type":"ListItem","position":2,"name":"Shop","item":"https:\/\/livia.azdigi.shop\/?page_id=45"},{"@type":"ListItem","position":3,"name":"\u00c1o Blazer d\u00e1ng \u00f4m 2 t\u00fai \u1ed1p"}]},{"@type":"WebSite","@id":"https:\/\/livia.azdigi.shop\/#website","url":"https:\/\/livia.azdigi.shop\/","name":"livia","description":"","publisher":{"@id":"https:\/\/livia.azdigi.shop\/#organization"},"potentialAction":[{"@type":"SearchAction","target":{"@type":"EntryPoint","urlTemplate":"https:\/\/livia.azdigi.shop\/?s={search_term_string}"},"query-input":{"@type":"PropertyValueSpecification","valueRequired":true,"valueName":"search_term_string"}}],"inLanguage":"en-US"},{"@type":"Organization","@id":"https:\/\/livia.azdigi.shop\/#organization","name":"thoitrangnu","url":"https:\/\/livia.azdigi.shop\/","logo":{"@type":"ImageObject","inLanguage":"en-US","@id":"https:\/\/livia.azdigi.shop\/#\/schema\/logo\/image\/","url":"https:\/\/livia.azdigi.shop\/wp-content\/uploads\/2026\/03\/Screenshot-2026-03-05-143026.png","contentUrl":"https:\/\/livia.azdigi.shop\/wp-content\/uploads\/2026\/03\/Screenshot-2026-03-05-143026.png","width":438,"height":270,"caption":"thoitrangnu"},"image":{"@id":"https:\/\/livia.azdigi.shop\/#\/schema\/logo\/image\/"}}]}},"_links":{"self":[{"href":"https:\/\/livia.azdigi.shop\/index.php?rest_route=\/wp\/v2\/product\/1731","targetHints":{"allow":["GET"]}}],"collection":[{"href":"https:\/\/livia.azdigi.shop\/index.php?rest_route=\/wp\/v2\/product"}],"about":[{"href":"https:\/\/livia.azdigi.shop\/index.php?rest_route=\/wp\/v2\/types\/product"}],"replies":[{"embeddable":true,"href":"https:\/\/livia.azdigi.shop\/index.php?rest_route=%2Fwp%2Fv2%2Fcomments&post=1731"}],"wp:featuredmedia":[{"embeddable":true,"href":"https:\/\/livia.azdigi.shop\/index.php?rest_route=\/wp\/v2\/media\/1732"}],"wp:attachment":[{"href":"https:\/\/livia.azdigi.shop\/index.php?rest_route=%2Fwp%2Fv2%2Fmedia&parent=1731"}],"wp:term":[{"taxonomy":"product_brand","embeddable":true,"href":"https:\/\/livia.azdigi.shop\/index.php?rest_route=%2Fwp%2Fv2%2Fproduct_brand&post=1731"},{"taxonomy":"product_cat","embeddable":true,"href":"https:\/\/livia.azdigi.shop\/index.php?rest_route=%2Fwp%2Fv2%2Fproduct_cat&post=1731"},{"taxonomy":"product_tag","embeddable":true,"href":"https:\/\/livia.azdigi.shop\/index.php?rest_route=%2Fwp%2Fv2%2Fproduct_tag&post=1731"}],"curies":[{"name":"wp","href":"https:\/\/api.w.org\/{rel}","templated":true}]}}