{"id":1635,"date":"2026-04-19T18:31:45","date_gmt":"2026-04-19T18:31:45","guid":{"rendered":"https:\/\/livia.azdigi.shop\/?post_type=product&#038;p=1635"},"modified":"2026-04-20T17:59:22","modified_gmt":"2026-04-20T17:59:22","slug":"ao-kieu-beo-do-co-u-khan-co-cach-dieu","status":"publish","type":"product","link":"https:\/\/livia.azdigi.shop\/?product=ao-kieu-beo-do-co-u-khan-co-cach-dieu","title":{"rendered":"\u00c1o ki\u1ec3u b\u00e8o \u0111\u1ed5 c\u1ed5 U, kh\u0103n c\u1ed5 c\u00e1ch \u0111i\u1ec7u"},"content":{"rendered":"<p data-path-to-node=\"9,0\">\u00c1nh s\u00e1ng len qua khung c\u1eeda v\u00e0 tr\u1ea3i d\u00e0i tr\u00ean s\u00e0n nh\u00e0. Thay v\u00ec s\u1ef1 v\u1ed9i v\u00e3, n\u00e0ng \u0111\u1ee9ng tr\u01b0\u1edbc g\u01b0\u01a1ng \u0111\u1ec3 ch\u1ec9nh l\u1ea1i c\u1ed5 chi\u1ebfc <b data-path-to-node=\"9,0\" data-index-in-node=\"116\">\u00e1o s\u01a1 mi th\u1eaft n\u01a1<\/b>. N\u00e0ng ch\u1eadm r\u00e3i t\u1eadn h\u01b0\u1edfng ng\u00e0y m\u1edbi theo c\u00e1ch c\u1ee7a ri\u00eang m\u00ecnh. <b data-path-to-node=\"9,0\" data-index-in-node=\"193\">Ch\u00ednh v\u00ec v\u1eady<\/b>, m\u1ecdi th\u1ee9 xung quanh b\u1ed7ng tr\u1edf n\u00ean d\u1ecbu nh\u1eb9 v\u00e0 d\u1ec5 ch\u1ecbu h\u01a1n bao gi\u1edd h\u1ebft.<\/p>\n<h3 data-path-to-node=\"9,1\">Thi\u1ebft k\u1ebf c\u1ee7a \u00e1o s\u01a1 mi th\u1eaft n\u01a1<\/h3>\n<p data-path-to-node=\"9,2\">Chi\u1ebfc <b data-path-to-node=\"9,2\" data-index-in-node=\"6\">\u00e1o s\u01a1 mi th\u1eaft n\u01a1<\/b> n\u00e0y c\u00f3 d\u00e1ng \u00f4m nh\u1eb9 ph\u1ea7n th\u00e2n tr\u00ean. Thi\u1ebft k\u1ebf gi\u00fap t\u1ed5ng th\u1ec3 g\u1ecdn g\u00e0ng v\u00e0 t\u00f4n d\u00e1ng nh\u01b0ng kh\u00f4ng g\u00e2y c\u1ea3m gi\u00e1c b\u00f3 s\u00e1t. <b data-path-to-node=\"9,2\" data-index-in-node=\"135\">Th\u00eam v\u00e0o \u0111\u00f3<\/b>, chi ti\u1ebft b\u00e8o nh\u00fan \u0111\u01b0\u1ee3c x\u1eed l\u00fd tinh t\u1ebf t\u1ea1i c\u1ed5 v\u00e0 th\u00e2n \u00e1o. Ph\u1ea7n n\u01a1 c\u1ed5 mang h\u01a1i h\u01b0\u1edbng c\u1ed5 \u0111i\u1ec3n, g\u00f3p ph\u1ea7n ho\u00e0n thi\u1ec7n v\u1ebb ngo\u00e0i thanh l\u1ecbch cho m\u1eabu\u00a0n\u00e0y.<\/p>\n<h3 data-path-to-node=\"9,3\">Ch\u1ea5t li\u1ec7u Chiffon bay b\u1ed5ng<\/h3>\n<p data-path-to-node=\"9,4\">Livia s\u1eed d\u1ee5ng ch\u1ea5t li\u1ec7u chiffon m\u1ecfng nh\u1eb9 cho s\u1ea3n ph\u1ea9m. <b data-path-to-node=\"9,4\" data-index-in-node=\"55\">Nh\u1edd v\u1eady<\/b>, chi\u1ebfc \u00e1o n\u00e0y\u00a0c\u00f3 \u0111\u1ed9 bay v\u00e0 r\u1ee7 t\u1ef1 nhi\u00ean, mang l\u1ea1i c\u1ea3m gi\u00e1c tho\u00e1ng m\u00e1t. Ch\u1ea5t li\u1ec7u n\u00e0y c\u0169ng gi\u00fap c\u00e1c chi ti\u1ebft b\u00e8o gi\u1eef \u0111\u01b0\u1ee3c \u0111\u1ed9 m\u1ec1m m\u1ea1i v\u00e0 t\u0103ng t\u00ednh th\u1ea9m m\u1ef9.<\/p>\n<h3 data-path-to-node=\"9,5\">C\u00e1ch ph\u1ed1i \u0111\u1ed3<\/h3>\n<p data-path-to-node=\"9,6\">M\u1eabu n\u00e0y r\u1ea5t ph\u00f9 h\u1ee3p \u0111\u1ec3 \u0111i d\u1ea1o ph\u1ed1 ho\u1eb7c \u0111i caf\u00e9. N\u00e0ng c\u00f3 th\u1ec3 k\u1ebft h\u1ee3p c\u00f9ng <a href=\"https:\/\/livia.azdigi.shop\/?product_cat=quan\"><strong>qu\u1ea7n \u1ed1ng r\u1ed9ng<\/strong><\/a> \u0111\u1ec3 c\u00e2n b\u1eb1ng phom d\u00e1ng. <b data-path-to-node=\"9,6\" data-index-in-node=\"127\">H\u01a1n n\u1eefa<\/b>, h\u00e3y ph\u1ed1i c\u00f9ng m\u1ed9t chi\u1ebfc t\u00fai nh\u1ecf tone s\u00e1ng \u0111\u1ec3 gi\u1eef tr\u1ecdn tinh th\u1ea7n trong tr\u1ebbo c\u1ee7a outfit.<\/p>\n<p>&nbsp;<\/p>\n<p data-path-to-node=\"9,8\"><i data-path-to-node=\"9,8\" data-index-in-node=\"0\">Xem th\u00eam c\u00e1c m\u1eabu m\u1edbi t\u1ea1i <a href=\"https:\/\/livia.azdigi.shop\/\">Trang ch\u1ee7 &#8211; LIVIA store<\/a><\/i><\/p>\n","protected":false},"excerpt":{"rendered":"<p>\u00c1nh s\u00e1ng len qua khung c\u1eeda v\u00e0 tr\u1ea3i d\u00e0i tr\u00ean s\u00e0n nh\u00e0. Thay v\u00ec s\u1ef1 v\u1ed9i v\u00e3, n\u00e0ng \u0111\u1ee9ng tr\u01b0\u1edbc g\u01b0\u01a1ng \u0111\u1ec3 ch\u1ec9nh l\u1ea1i c\u1ed5 chi\u1ebfc \u00e1o s\u01a1 mi th\u1eaft n\u01a1. N\u00e0ng ch\u1eadm r\u00e3i t\u1eadn h\u01b0\u1edfng ng\u00e0y m\u1edbi theo c\u00e1ch c\u1ee7a ri\u00eang m\u00ecnh. Ch\u00ednh v\u00ec v\u1eady, m\u1ecdi th\u1ee9 xung quanh b\u1ed7ng tr\u1edf n\u00ean d\u1ecbu nh\u1eb9 [&#8230;]\n","protected":false},"featured_media":1758,"comment_status":"open","ping_status":"closed","template":"","meta":[],"product_brand":[],"product_cat":[19],"product_tag":[],"class_list":{"0":"post-1635","1":"product","2":"type-product","3":"status-publish","4":"has-post-thumbnail","6":"product_cat-ao","8":"first","9":"instock","10":"shipping-taxable","11":"purchasable","12":"product-type-variable"},"yoast_head":"<!-- This site is optimized with the Yoast SEO plugin v27.1.1 - https:\/\/yoast.com\/product\/yoast-seo-wordpress\/ -->\n<title>\u00c1o ki\u1ec3u b\u00e8o \u0111\u1ed5 c\u1ed5 U, kh\u0103n c\u1ed5 c\u00e1ch \u0111i\u1ec7u - LIVIA store \u00c1o S\u01a1 Mi Th\u1eaft N\u01a1 B\u00e8o<\/title>\n<meta name=\"description\" content=\"M\u1eabu \u00e1o s\u01a1 mi th\u1eaft n\u01a1 v\u1edbi chi ti\u1ebft b\u00e8o nh\u00fan tinh t\u1ebf t\u1eeb ch\u1ea5t li\u1ec7u Chiffon bay b\u1ed5ng. Thi\u1ebft k\u1ebf thanh l\u1ecbch, trong tr\u1ebbo cho n\u00e0ng di\u1ec7n \u0111i l\u00e0m, \u0111i ch\u01a1i. Mua ngay!\" \/>\n<meta name=\"robots\" content=\"index, follow, max-snippet:-1, max-image-preview:large, max-video-preview:-1\" \/>\n<link rel=\"canonical\" href=\"https:\/\/livia.azdigi.shop\/?product=ao-kieu-beo-do-co-u-khan-co-cach-dieu\" \/>\n<meta property=\"og:locale\" content=\"en_US\" \/>\n<meta property=\"og:type\" content=\"article\" \/>\n<meta property=\"og:title\" content=\"\u00c1o ki\u1ec3u b\u00e8o \u0111\u1ed5 c\u1ed5 U, kh\u0103n c\u1ed5 c\u00e1ch \u0111i\u1ec7u - LIVIA store \u00c1o S\u01a1 Mi Th\u1eaft N\u01a1 B\u00e8o\" \/>\n<meta property=\"og:description\" content=\"M\u1eabu \u00e1o s\u01a1 mi th\u1eaft n\u01a1 v\u1edbi chi ti\u1ebft b\u00e8o nh\u00fan tinh t\u1ebf t\u1eeb ch\u1ea5t li\u1ec7u Chiffon bay b\u1ed5ng. Thi\u1ebft k\u1ebf thanh l\u1ecbch, trong tr\u1ebbo cho n\u00e0ng di\u1ec7n \u0111i l\u00e0m, \u0111i ch\u01a1i. Mua ngay!\" \/>\n<meta property=\"og:url\" content=\"https:\/\/livia.azdigi.shop\/?product=ao-kieu-beo-do-co-u-khan-co-cach-dieu\" \/>\n<meta property=\"og:site_name\" content=\"LIVIA store\" \/>\n<meta property=\"article:modified_time\" content=\"2026-04-20T17:59:22+00:00\" \/>\n<meta property=\"og:image\" content=\"https:\/\/livia.azdigi.shop\/wp-content\/uploads\/2026\/04\/Screenshot-2026-04-21-005105.png\" \/>\n\t<meta property=\"og:image:width\" content=\"570\" \/>\n\t<meta property=\"og:image:height\" content=\"857\" \/>\n\t<meta property=\"og:image:type\" content=\"image\/png\" \/>\n<meta name=\"twitter:card\" content=\"summary_large_image\" \/>\n<meta name=\"twitter:label1\" content=\"Est. reading time\" \/>\n\t<meta name=\"twitter:data1\" content=\"2 minutes\" \/>\n<script type=\"application\/ld+json\" class=\"yoast-schema-graph\">{\"@context\":\"https:\/\/schema.org\",\"@graph\":[{\"@type\":\"WebPage\",\"@id\":\"https:\/\/livia.azdigi.shop\/?product=ao-kieu-beo-do-co-u-khan-co-cach-dieu\",\"url\":\"https:\/\/livia.azdigi.shop\/?product=ao-kieu-beo-do-co-u-khan-co-cach-dieu\",\"name\":\"\u00c1o ki\u1ec3u b\u00e8o \u0111\u1ed5 c\u1ed5 U, kh\u0103n c\u1ed5 c\u00e1ch \u0111i\u1ec7u - LIVIA store \u00c1o S\u01a1 Mi Th\u1eaft N\u01a1 B\u00e8o\",\"isPartOf\":{\"@id\":\"https:\/\/livia.azdigi.shop\/#website\"},\"primaryImageOfPage\":{\"@id\":\"https:\/\/livia.azdigi.shop\/?product=ao-kieu-beo-do-co-u-khan-co-cach-dieu#primaryimage\"},\"image\":{\"@id\":\"https:\/\/livia.azdigi.shop\/?product=ao-kieu-beo-do-co-u-khan-co-cach-dieu#primaryimage\"},\"thumbnailUrl\":\"https:\/\/livia.azdigi.shop\/wp-content\/uploads\/2026\/04\/Screenshot-2026-04-21-005105.png\",\"datePublished\":\"2026-04-19T18:31:45+00:00\",\"dateModified\":\"2026-04-20T17:59:22+00:00\",\"description\":\"M\u1eabu \u00e1o s\u01a1 mi th\u1eaft n\u01a1 v\u1edbi chi ti\u1ebft b\u00e8o nh\u00fan tinh t\u1ebf t\u1eeb ch\u1ea5t li\u1ec7u Chiffon bay b\u1ed5ng. Thi\u1ebft k\u1ebf thanh l\u1ecbch, trong tr\u1ebbo cho n\u00e0ng di\u1ec7n \u0111i l\u00e0m, \u0111i ch\u01a1i. Mua ngay!\",\"breadcrumb\":{\"@id\":\"https:\/\/livia.azdigi.shop\/?product=ao-kieu-beo-do-co-u-khan-co-cach-dieu#breadcrumb\"},\"inLanguage\":\"en-US\",\"potentialAction\":[{\"@type\":\"ReadAction\",\"target\":[\"https:\/\/livia.azdigi.shop\/?product=ao-kieu-beo-do-co-u-khan-co-cach-dieu\"]}]},{\"@type\":\"ImageObject\",\"inLanguage\":\"en-US\",\"@id\":\"https:\/\/livia.azdigi.shop\/?product=ao-kieu-beo-do-co-u-khan-co-cach-dieu#primaryimage\",\"url\":\"https:\/\/livia.azdigi.shop\/wp-content\/uploads\/2026\/04\/Screenshot-2026-04-21-005105.png\",\"contentUrl\":\"https:\/\/livia.azdigi.shop\/wp-content\/uploads\/2026\/04\/Screenshot-2026-04-21-005105.png\",\"width\":570,\"height\":857},{\"@type\":\"BreadcrumbList\",\"@id\":\"https:\/\/livia.azdigi.shop\/?product=ao-kieu-beo-do-co-u-khan-co-cach-dieu#breadcrumb\",\"itemListElement\":[{\"@type\":\"ListItem\",\"position\":1,\"name\":\"Home\",\"item\":\"https:\/\/livia.azdigi.shop\/\"},{\"@type\":\"ListItem\",\"position\":2,\"name\":\"Shop\",\"item\":\"https:\/\/livia.azdigi.shop\/?page_id=45\"},{\"@type\":\"ListItem\",\"position\":3,\"name\":\"\u00c1o ki\u1ec3u b\u00e8o \u0111\u1ed5 c\u1ed5 U, kh\u0103n c\u1ed5 c\u00e1ch \u0111i\u1ec7u\"}]},{\"@type\":\"WebSite\",\"@id\":\"https:\/\/livia.azdigi.shop\/#website\",\"url\":\"https:\/\/livia.azdigi.shop\/\",\"name\":\"livia\",\"description\":\"\",\"publisher\":{\"@id\":\"https:\/\/livia.azdigi.shop\/#organization\"},\"potentialAction\":[{\"@type\":\"SearchAction\",\"target\":{\"@type\":\"EntryPoint\",\"urlTemplate\":\"https:\/\/livia.azdigi.shop\/?s={search_term_string}\"},\"query-input\":{\"@type\":\"PropertyValueSpecification\",\"valueRequired\":true,\"valueName\":\"search_term_string\"}}],\"inLanguage\":\"en-US\"},{\"@type\":\"Organization\",\"@id\":\"https:\/\/livia.azdigi.shop\/#organization\",\"name\":\"thoitrangnu\",\"url\":\"https:\/\/livia.azdigi.shop\/\",\"logo\":{\"@type\":\"ImageObject\",\"inLanguage\":\"en-US\",\"@id\":\"https:\/\/livia.azdigi.shop\/#\/schema\/logo\/image\/\",\"url\":\"https:\/\/livia.azdigi.shop\/wp-content\/uploads\/2026\/03\/Screenshot-2026-03-05-143026.png\",\"contentUrl\":\"https:\/\/livia.azdigi.shop\/wp-content\/uploads\/2026\/03\/Screenshot-2026-03-05-143026.png\",\"width\":438,\"height\":270,\"caption\":\"thoitrangnu\"},\"image\":{\"@id\":\"https:\/\/livia.azdigi.shop\/#\/schema\/logo\/image\/\"}}]}<\/script>\n<!-- \/ Yoast SEO plugin. -->","yoast_head_json":{"title":"\u00c1o ki\u1ec3u b\u00e8o \u0111\u1ed5 c\u1ed5 U, kh\u0103n c\u1ed5 c\u00e1ch \u0111i\u1ec7u - LIVIA store \u00c1o S\u01a1 Mi Th\u1eaft N\u01a1 B\u00e8o","description":"M\u1eabu \u00e1o s\u01a1 mi th\u1eaft n\u01a1 v\u1edbi chi ti\u1ebft b\u00e8o nh\u00fan tinh t\u1ebf t\u1eeb ch\u1ea5t li\u1ec7u Chiffon bay b\u1ed5ng. Thi\u1ebft k\u1ebf thanh l\u1ecbch, trong tr\u1ebbo cho n\u00e0ng di\u1ec7n \u0111i l\u00e0m, \u0111i ch\u01a1i. Mua ngay!","robots":{"index":"index","follow":"follow","max-snippet":"max-snippet:-1","max-image-preview":"max-image-preview:large","max-video-preview":"max-video-preview:-1"},"canonical":"https:\/\/livia.azdigi.shop\/?product=ao-kieu-beo-do-co-u-khan-co-cach-dieu","og_locale":"en_US","og_type":"article","og_title":"\u00c1o ki\u1ec3u b\u00e8o \u0111\u1ed5 c\u1ed5 U, kh\u0103n c\u1ed5 c\u00e1ch \u0111i\u1ec7u - LIVIA store \u00c1o S\u01a1 Mi Th\u1eaft N\u01a1 B\u00e8o","og_description":"M\u1eabu \u00e1o s\u01a1 mi th\u1eaft n\u01a1 v\u1edbi chi ti\u1ebft b\u00e8o nh\u00fan tinh t\u1ebf t\u1eeb ch\u1ea5t li\u1ec7u Chiffon bay b\u1ed5ng. Thi\u1ebft k\u1ebf thanh l\u1ecbch, trong tr\u1ebbo cho n\u00e0ng di\u1ec7n \u0111i l\u00e0m, \u0111i ch\u01a1i. Mua ngay!","og_url":"https:\/\/livia.azdigi.shop\/?product=ao-kieu-beo-do-co-u-khan-co-cach-dieu","og_site_name":"LIVIA store","article_modified_time":"2026-04-20T17:59:22+00:00","og_image":[{"width":570,"height":857,"url":"https:\/\/livia.azdigi.shop\/wp-content\/uploads\/2026\/04\/Screenshot-2026-04-21-005105.png","type":"image\/png"}],"twitter_card":"summary_large_image","twitter_misc":{"Est. reading time":"2 minutes"},"schema":{"@context":"https:\/\/schema.org","@graph":[{"@type":"WebPage","@id":"https:\/\/livia.azdigi.shop\/?product=ao-kieu-beo-do-co-u-khan-co-cach-dieu","url":"https:\/\/livia.azdigi.shop\/?product=ao-kieu-beo-do-co-u-khan-co-cach-dieu","name":"\u00c1o ki\u1ec3u b\u00e8o \u0111\u1ed5 c\u1ed5 U, kh\u0103n c\u1ed5 c\u00e1ch \u0111i\u1ec7u - LIVIA store \u00c1o S\u01a1 Mi Th\u1eaft N\u01a1 B\u00e8o","isPartOf":{"@id":"https:\/\/livia.azdigi.shop\/#website"},"primaryImageOfPage":{"@id":"https:\/\/livia.azdigi.shop\/?product=ao-kieu-beo-do-co-u-khan-co-cach-dieu#primaryimage"},"image":{"@id":"https:\/\/livia.azdigi.shop\/?product=ao-kieu-beo-do-co-u-khan-co-cach-dieu#primaryimage"},"thumbnailUrl":"https:\/\/livia.azdigi.shop\/wp-content\/uploads\/2026\/04\/Screenshot-2026-04-21-005105.png","datePublished":"2026-04-19T18:31:45+00:00","dateModified":"2026-04-20T17:59:22+00:00","description":"M\u1eabu \u00e1o s\u01a1 mi th\u1eaft n\u01a1 v\u1edbi chi ti\u1ebft b\u00e8o nh\u00fan tinh t\u1ebf t\u1eeb ch\u1ea5t li\u1ec7u Chiffon bay b\u1ed5ng. Thi\u1ebft k\u1ebf thanh l\u1ecbch, trong tr\u1ebbo cho n\u00e0ng di\u1ec7n \u0111i l\u00e0m, \u0111i ch\u01a1i. Mua ngay!","breadcrumb":{"@id":"https:\/\/livia.azdigi.shop\/?product=ao-kieu-beo-do-co-u-khan-co-cach-dieu#breadcrumb"},"inLanguage":"en-US","potentialAction":[{"@type":"ReadAction","target":["https:\/\/livia.azdigi.shop\/?product=ao-kieu-beo-do-co-u-khan-co-cach-dieu"]}]},{"@type":"ImageObject","inLanguage":"en-US","@id":"https:\/\/livia.azdigi.shop\/?product=ao-kieu-beo-do-co-u-khan-co-cach-dieu#primaryimage","url":"https:\/\/livia.azdigi.shop\/wp-content\/uploads\/2026\/04\/Screenshot-2026-04-21-005105.png","contentUrl":"https:\/\/livia.azdigi.shop\/wp-content\/uploads\/2026\/04\/Screenshot-2026-04-21-005105.png","width":570,"height":857},{"@type":"BreadcrumbList","@id":"https:\/\/livia.azdigi.shop\/?product=ao-kieu-beo-do-co-u-khan-co-cach-dieu#breadcrumb","itemListElement":[{"@type":"ListItem","position":1,"name":"Home","item":"https:\/\/livia.azdigi.shop\/"},{"@type":"ListItem","position":2,"name":"Shop","item":"https:\/\/livia.azdigi.shop\/?page_id=45"},{"@type":"ListItem","position":3,"name":"\u00c1o ki\u1ec3u b\u00e8o \u0111\u1ed5 c\u1ed5 U, kh\u0103n c\u1ed5 c\u00e1ch \u0111i\u1ec7u"}]},{"@type":"WebSite","@id":"https:\/\/livia.azdigi.shop\/#website","url":"https:\/\/livia.azdigi.shop\/","name":"livia","description":"","publisher":{"@id":"https:\/\/livia.azdigi.shop\/#organization"},"potentialAction":[{"@type":"SearchAction","target":{"@type":"EntryPoint","urlTemplate":"https:\/\/livia.azdigi.shop\/?s={search_term_string}"},"query-input":{"@type":"PropertyValueSpecification","valueRequired":true,"valueName":"search_term_string"}}],"inLanguage":"en-US"},{"@type":"Organization","@id":"https:\/\/livia.azdigi.shop\/#organization","name":"thoitrangnu","url":"https:\/\/livia.azdigi.shop\/","logo":{"@type":"ImageObject","inLanguage":"en-US","@id":"https:\/\/livia.azdigi.shop\/#\/schema\/logo\/image\/","url":"https:\/\/livia.azdigi.shop\/wp-content\/uploads\/2026\/03\/Screenshot-2026-03-05-143026.png","contentUrl":"https:\/\/livia.azdigi.shop\/wp-content\/uploads\/2026\/03\/Screenshot-2026-03-05-143026.png","width":438,"height":270,"caption":"thoitrangnu"},"image":{"@id":"https:\/\/livia.azdigi.shop\/#\/schema\/logo\/image\/"}}]}},"_links":{"self":[{"href":"https:\/\/livia.azdigi.shop\/index.php?rest_route=\/wp\/v2\/product\/1635","targetHints":{"allow":["GET"]}}],"collection":[{"href":"https:\/\/livia.azdigi.shop\/index.php?rest_route=\/wp\/v2\/product"}],"about":[{"href":"https:\/\/livia.azdigi.shop\/index.php?rest_route=\/wp\/v2\/types\/product"}],"replies":[{"embeddable":true,"href":"https:\/\/livia.azdigi.shop\/index.php?rest_route=%2Fwp%2Fv2%2Fcomments&post=1635"}],"wp:featuredmedia":[{"embeddable":true,"href":"https:\/\/livia.azdigi.shop\/index.php?rest_route=\/wp\/v2\/media\/1758"}],"wp:attachment":[{"href":"https:\/\/livia.azdigi.shop\/index.php?rest_route=%2Fwp%2Fv2%2Fmedia&parent=1635"}],"wp:term":[{"taxonomy":"product_brand","embeddable":true,"href":"https:\/\/livia.azdigi.shop\/index.php?rest_route=%2Fwp%2Fv2%2Fproduct_brand&post=1635"},{"taxonomy":"product_cat","embeddable":true,"href":"https:\/\/livia.azdigi.shop\/index.php?rest_route=%2Fwp%2Fv2%2Fproduct_cat&post=1635"},{"taxonomy":"product_tag","embeddable":true,"href":"https:\/\/livia.azdigi.shop\/index.php?rest_route=%2Fwp%2Fv2%2Fproduct_tag&post=1635"}],"curies":[{"name":"wp","href":"https:\/\/api.w.org\/{rel}","templated":true}]}}