{"id":1511,"date":"2026-04-19T14:58:02","date_gmt":"2026-04-19T14:58:02","guid":{"rendered":"https:\/\/livia.azdigi.shop\/?page_id=1511"},"modified":"2026-04-19T16:02:04","modified_gmt":"2026-04-19T16:02:04","slug":"dang-ky-thanh-vien","status":"publish","type":"page","link":"https:\/\/livia.azdigi.shop\/?page_id=1511","title":{"rendered":"\u0110\u0103ng k\u00fd th\u00e0nh vi\u00ean."},"content":{"rendered":"\n\n\n<div style=\"max-width: 500px; margin: 30px auto; padding: 30px; background: #fff; border: 2px solid #000; box-shadow: 10px 10px 0px #000; font-family: sans-serif;\">\n    <h2 style=\"text-align: center; text-transform: uppercase;\">LIVIA MEMBERSHIP<\/h2>\n    <form id=\"finalCheckForm\">\n        <div style=\"margin-top: 15px;\">\n            <label style=\"display:block; font-weight:bold; font-size:12px;\">H\u1ecc V\u00c0 T\u00caN:<\/label>\n            <input type=\"text\" id=\"fName\" placeholder=\"Nguyen Van A\" style=\"width:100%; padding:12px; border:1px solid #ccc;\">\n        <\/div>\n        <div style=\"margin-top: 15px;\">\n            <label style=\"display:block; font-weight:bold; font-size:12px;\">EMAIL:<\/label>\n            <input type=\"email\" id=\"fEmail\" placeholder=\"livia@gmail.com\" style=\"width:100%; padding:12px; border:1px solid #ccc;\">\n        <\/div>\n        <div style=\"margin-top: 15px;\">\n            <label style=\"display:block; font-weight:bold; font-size:12px;\">M\u1eacT KH\u1ea8U:<\/label>\n            <input type=\"password\" id=\"fPass\" placeholder=\"T\u1ed1i thi\u1ec3u 6 k\u00fd t\u1ef1\" style=\"width:100%; padding:12px; border:1px solid #ccc;\">\n        <\/div>\n        <button type=\"submit\" style=\"width:100%; background:#000; color:#fff; padding:15px; border:none; margin-top:20px; font-weight:bold; cursor:pointer;\">HO\u00c0N T\u1ea4T \u0110\u0102NG K\u00dd<\/button>\n    <\/form>\n\n    <div id=\"fSuccess\" style=\"display:none; padding:20px; border:2px dashed #27ae60; background:#f9fff9; margin-top:20px;\">\n        <h4 style=\"color:#27ae60; text-align:center;\">\u2705 \u0110\u0102NG K\u00dd TH\u00c0NH C\u00d4NG!<\/h4>\n        <div id=\"fData\" style=\"font-size:14px; line-height:1.6;\"><\/div>\n        <button onclick=\"location.reload()\" style=\"margin-top:10px; display:block; margin:0 auto; background:none; border:none; text-decoration:underline; cursor:pointer;\">\u0110\u0103ng k\u00fd l\u1ea1i<\/button>\n    <\/div>\n<\/div>\n\n<script src=\"https:\/\/code.jquery.com\/jquery-3.6.0.min.js\"><\/script>\n<script>\n$(document).ready(function() {\n    $('#finalCheckForm').on('submit', function(e) {\n        e.preventDefault();\n        let name = $('#fName').val().trim();\n        let email = $('#fEmail').val().trim();\n        let pass = $('#fPass').val();\n        let nameReg = \/^[a-zA-Z\u00c0\u00c1\u00c2\u00c3\u00c8\u00c9\u00ca\u00cc\u00cd\u00d2\u00d3\u00d4\u00d5\u00d9\u00da\u0102\u0110\u0128\u0168\u01a0\u00e0\u00e1\u00e2\u00e3\u00e8\u00e9\u00ea\u00ec\u00ed\u00f2\u00f3\u00f4\u00f5\u00f9\u00fa\u0103\u0111\u0129\u0169\u01a1\u01af\u0102\u1ea0\u1ea2\u1ea4\u1ea6\u1ea8\u1eaa\u1eac\u1eae\u1eb0\u1eb2\u1eb4\u1eb6\u1eb8\u1eba\u1ebc\u1ec0\u1ec0\u1ec2\u01b0\u0103\u1ea1\u1ea3\u1ea5\u1ea7\u1ea9\u1eab\u1ead\u1eaf\u1eb1\u1eb3\u1eb5\u1eb7\u1eb9\u1ebb\u1ebd\u1ec1\u1ec1\u1ec3\u1ec4\u1ec6\u1ec8\u1eca\u1ecc\u1ece\u1ed0\u1ed2\u1ed4\u1ed6\u1ed8\u1eda\u1edc\u1ede\u1ee0\u1ee2\u1ee4\u1ee6\u1ee8\u1eea\u1ec5\u1ec7\u1ec9\u1ecb\u1ecd\u1ecf\u1ed1\u1ed3\u1ed5\u1ed7\u1ed9\u1edb\u1edd\u1edf\u1ee1\u1ee3\u1ee5\u1ee7\u1ee9\u1eeb\u1eec\u1eee\u1ef0\u1ef3\u1ef5\u1ef7\u1ef9\u00fd\u00dd\u1ef2\u1ef6\u1ef8s]+$\/;\n\n        if(!nameReg.test(name)) { alert(\"H\u1ecd t\u00ean kh\u00f4ng \u0111\u01b0\u1ee3c ch\u1ee9a s\u1ed1 Uy\u00ean \u01a1i!\"); return; }\n        if(pass.length < 6) { alert(\"M\u1eadt kh\u1ea9u \u00edt nh\u1ea5t 6 k\u00fd t\u1ef1!\"); return; }\n\n        $('#fData').html('<b>H\u1ed9i vi\u00ean:<\/b> ' + name + '<br><b>Email:<\/b> ' + email + '<br><b>Ng\u00e0y:<\/b> ' + new Date().toLocaleDateString('vi-VN'));\n        $('#finalCheckForm').hide();\n        $('#fSuccess').fadeIn();\n    });\n});\n<\/script>\n\n\n","protected":false},"excerpt":{"rendered":"","protected":false},"author":1,"featured_media":0,"parent":0,"menu_order":0,"comment_status":"closed","ping_status":"closed","template":"","meta":{"footnotes":""},"class_list":["post-1511","page","type-page","status-publish","hentry"],"yoast_head":"<!-- This site is optimized with the Yoast SEO plugin v27.1.1 - https:\/\/yoast.com\/product\/yoast-seo-wordpress\/ -->\n<title>\u0110\u0103ng k\u00fd th\u00e0nh vi\u00ean. - LIVIA store<\/title>\n<meta name=\"robots\" content=\"index, follow, max-snippet:-1, max-image-preview:large, max-video-preview:-1\" \/>\n<link rel=\"canonical\" href=\"https:\/\/livia.azdigi.shop\/?page_id=1511\" \/>\n<meta property=\"og:locale\" content=\"en_US\" \/>\n<meta property=\"og:type\" content=\"article\" \/>\n<meta property=\"og:title\" content=\"\u0110\u0103ng k\u00fd th\u00e0nh vi\u00ean. - LIVIA store\" \/>\n<meta property=\"og:url\" content=\"https:\/\/livia.azdigi.shop\/?page_id=1511\" \/>\n<meta property=\"og:site_name\" content=\"LIVIA store\" \/>\n<meta property=\"article:modified_time\" content=\"2026-04-19T16:02:04+00:00\" \/>\n<meta name=\"twitter:card\" content=\"summary_large_image\" \/>\n<meta name=\"twitter:label1\" content=\"Est. reading time\" \/>\n\t<meta name=\"twitter:data1\" content=\"1 minute\" \/>\n<script type=\"application\/ld+json\" class=\"yoast-schema-graph\">{\"@context\":\"https:\/\/schema.org\",\"@graph\":[{\"@type\":\"WebPage\",\"@id\":\"https:\/\/livia.azdigi.shop\/?page_id=1511\",\"url\":\"https:\/\/livia.azdigi.shop\/?page_id=1511\",\"name\":\"\u0110\u0103ng k\u00fd th\u00e0nh vi\u00ean. - LIVIA store\",\"isPartOf\":{\"@id\":\"https:\/\/livia.azdigi.shop\/#website\"},\"datePublished\":\"2026-04-19T14:58:02+00:00\",\"dateModified\":\"2026-04-19T16:02:04+00:00\",\"breadcrumb\":{\"@id\":\"https:\/\/livia.azdigi.shop\/?page_id=1511#breadcrumb\"},\"inLanguage\":\"en-US\",\"potentialAction\":[{\"@type\":\"ReadAction\",\"target\":[\"https:\/\/livia.azdigi.shop\/?page_id=1511\"]}]},{\"@type\":\"BreadcrumbList\",\"@id\":\"https:\/\/livia.azdigi.shop\/?page_id=1511#breadcrumb\",\"itemListElement\":[{\"@type\":\"ListItem\",\"position\":1,\"name\":\"Home\",\"item\":\"https:\/\/livia.azdigi.shop\/\"},{\"@type\":\"ListItem\",\"position\":2,\"name\":\"\u0110\u0103ng k\u00fd th\u00e0nh vi\u00ean.\"}]},{\"@type\":\"WebSite\",\"@id\":\"https:\/\/livia.azdigi.shop\/#website\",\"url\":\"https:\/\/livia.azdigi.shop\/\",\"name\":\"livia\",\"description\":\"\",\"publisher\":{\"@id\":\"https:\/\/livia.azdigi.shop\/#organization\"},\"potentialAction\":[{\"@type\":\"SearchAction\",\"target\":{\"@type\":\"EntryPoint\",\"urlTemplate\":\"https:\/\/livia.azdigi.shop\/?s={search_term_string}\"},\"query-input\":{\"@type\":\"PropertyValueSpecification\",\"valueRequired\":true,\"valueName\":\"search_term_string\"}}],\"inLanguage\":\"en-US\"},{\"@type\":\"Organization\",\"@id\":\"https:\/\/livia.azdigi.shop\/#organization\",\"name\":\"thoitrangnu\",\"url\":\"https:\/\/livia.azdigi.shop\/\",\"logo\":{\"@type\":\"ImageObject\",\"inLanguage\":\"en-US\",\"@id\":\"https:\/\/livia.azdigi.shop\/#\/schema\/logo\/image\/\",\"url\":\"https:\/\/livia.azdigi.shop\/wp-content\/uploads\/2026\/03\/Screenshot-2026-03-05-143026.png\",\"contentUrl\":\"https:\/\/livia.azdigi.shop\/wp-content\/uploads\/2026\/03\/Screenshot-2026-03-05-143026.png\",\"width\":438,\"height\":270,\"caption\":\"thoitrangnu\"},\"image\":{\"@id\":\"https:\/\/livia.azdigi.shop\/#\/schema\/logo\/image\/\"}}]}<\/script>\n<!-- \/ Yoast SEO plugin. -->","yoast_head_json":{"title":"\u0110\u0103ng k\u00fd th\u00e0nh vi\u00ean. - LIVIA store","robots":{"index":"index","follow":"follow","max-snippet":"max-snippet:-1","max-image-preview":"max-image-preview:large","max-video-preview":"max-video-preview:-1"},"canonical":"https:\/\/livia.azdigi.shop\/?page_id=1511","og_locale":"en_US","og_type":"article","og_title":"\u0110\u0103ng k\u00fd th\u00e0nh vi\u00ean. - LIVIA store","og_url":"https:\/\/livia.azdigi.shop\/?page_id=1511","og_site_name":"LIVIA store","article_modified_time":"2026-04-19T16:02:04+00:00","twitter_card":"summary_large_image","twitter_misc":{"Est. reading time":"1 minute"},"schema":{"@context":"https:\/\/schema.org","@graph":[{"@type":"WebPage","@id":"https:\/\/livia.azdigi.shop\/?page_id=1511","url":"https:\/\/livia.azdigi.shop\/?page_id=1511","name":"\u0110\u0103ng k\u00fd th\u00e0nh vi\u00ean. - LIVIA store","isPartOf":{"@id":"https:\/\/livia.azdigi.shop\/#website"},"datePublished":"2026-04-19T14:58:02+00:00","dateModified":"2026-04-19T16:02:04+00:00","breadcrumb":{"@id":"https:\/\/livia.azdigi.shop\/?page_id=1511#breadcrumb"},"inLanguage":"en-US","potentialAction":[{"@type":"ReadAction","target":["https:\/\/livia.azdigi.shop\/?page_id=1511"]}]},{"@type":"BreadcrumbList","@id":"https:\/\/livia.azdigi.shop\/?page_id=1511#breadcrumb","itemListElement":[{"@type":"ListItem","position":1,"name":"Home","item":"https:\/\/livia.azdigi.shop\/"},{"@type":"ListItem","position":2,"name":"\u0110\u0103ng k\u00fd th\u00e0nh vi\u00ean."}]},{"@type":"WebSite","@id":"https:\/\/livia.azdigi.shop\/#website","url":"https:\/\/livia.azdigi.shop\/","name":"livia","description":"","publisher":{"@id":"https:\/\/livia.azdigi.shop\/#organization"},"potentialAction":[{"@type":"SearchAction","target":{"@type":"EntryPoint","urlTemplate":"https:\/\/livia.azdigi.shop\/?s={search_term_string}"},"query-input":{"@type":"PropertyValueSpecification","valueRequired":true,"valueName":"search_term_string"}}],"inLanguage":"en-US"},{"@type":"Organization","@id":"https:\/\/livia.azdigi.shop\/#organization","name":"thoitrangnu","url":"https:\/\/livia.azdigi.shop\/","logo":{"@type":"ImageObject","inLanguage":"en-US","@id":"https:\/\/livia.azdigi.shop\/#\/schema\/logo\/image\/","url":"https:\/\/livia.azdigi.shop\/wp-content\/uploads\/2026\/03\/Screenshot-2026-03-05-143026.png","contentUrl":"https:\/\/livia.azdigi.shop\/wp-content\/uploads\/2026\/03\/Screenshot-2026-03-05-143026.png","width":438,"height":270,"caption":"thoitrangnu"},"image":{"@id":"https:\/\/livia.azdigi.shop\/#\/schema\/logo\/image\/"}}]}},"_links":{"self":[{"href":"https:\/\/livia.azdigi.shop\/index.php?rest_route=\/wp\/v2\/pages\/1511","targetHints":{"allow":["GET"]}}],"collection":[{"href":"https:\/\/livia.azdigi.shop\/index.php?rest_route=\/wp\/v2\/pages"}],"about":[{"href":"https:\/\/livia.azdigi.shop\/index.php?rest_route=\/wp\/v2\/types\/page"}],"author":[{"embeddable":true,"href":"https:\/\/livia.azdigi.shop\/index.php?rest_route=\/wp\/v2\/users\/1"}],"replies":[{"embeddable":true,"href":"https:\/\/livia.azdigi.shop\/index.php?rest_route=%2Fwp%2Fv2%2Fcomments&post=1511"}],"version-history":[{"count":4,"href":"https:\/\/livia.azdigi.shop\/index.php?rest_route=\/wp\/v2\/pages\/1511\/revisions"}],"predecessor-version":[{"id":1573,"href":"https:\/\/livia.azdigi.shop\/index.php?rest_route=\/wp\/v2\/pages\/1511\/revisions\/1573"}],"wp:attachment":[{"href":"https:\/\/livia.azdigi.shop\/index.php?rest_route=%2Fwp%2Fv2%2Fmedia&parent=1511"}],"curies":[{"name":"wp","href":"https:\/\/api.w.org\/{rel}","templated":true}]}}